2 and 471779508.
12
Calculate the greatest common factor of 4681428 and 330.
6
What is the highest common factor of 4599 and 261632?
511
Calculate the highest common divisor of 36252203 and 13.
13
Calculate the greatest common divisor of 7870332 and 342.
114
What is the greatest common factor of 51087439 and 322?
23
Calculate the greatest common divisor of 36603231 and 77.
7
Calculate the highest common divisor of 4503312 and 157608.
792
Calculate the greatest common factor of 2116124 and 876.
292
What is the highest common factor of 44 and 1899766?
22
Calculate the highest common factor of 24472 and 564144.
1288
What is the greatest common divisor of 59 and 113502?
1
What is the highest common divisor of 9809 and 18772695?
577
What is the highest common divisor of 918 and 1725687?
153
What is the greatest common divisor of 84367962 and 504?
126
Calculate the highest common divisor of 851696 and 776.
8
What is the greatest common divisor of 1345 and 107035?
5
Calculate the greatest common factor of 3145 and 487765.
5
What is the greatest common factor of 960 and 1275456?
192
Calculate the greatest common factor of 10542 and 10365798.
1506
Calculate the greatest common divisor of 2066 and 265040942.
2066
What is the greatest common factor of 114334443 and 2349?
783
Calculate the highest common divisor of 2191929 and 10931.
17
Calculate the highest common divisor of 1395 and 8080305.
465
Calculate the greatest common factor of 121193 and 28169.
17
What is the greatest common factor of 50704 and 14472?
8
What is the greatest common divisor of 166975 and 935?
5
Calculate the highest common divisor of 72 and 48596916.
12
Calculate the highest common divisor of 30 and 5112912.
6
Calculate the highest common factor of 1247967 and 6138.
279
What is the highest common divisor of 5023 and 6962?
1
What is the greatest common factor of 24938580 and 60?
60
Calculate the highest common divisor of 384 and 14364192.
96
Calculate the greatest common divisor of 7936214 and 1.
1
Calculate the greatest common divisor of 25099 and 195814.
19
What is the greatest common divisor of 7663755 and 10835?
55
What is the highest common divisor of 4734 and 53866871?
263
Calculate the highest common factor of 121619 and 1038.
173
What is the greatest common factor of 446157 and 15219?
801
Calculate the greatest common divisor of 69 and 19244859.
69
Calculate the highest common divisor of 6633983 and 10403.
101
What is the highest common divisor of 826 and 22025408?
118
What is the greatest common factor of 356012 and 1960?
4
What is the greatest common factor of 160155 and 1861357?
3559
Calculate the greatest common factor of 1790568 and 4264.
104
What is the highest common divisor of 1124 and 24715074?
562
Calculate the greatest common factor of 752774 and 1298.
22
What is the highest common divisor of 64187230 and 1698?
566
Calculate the highest common factor of 4408 and 10748984.
152
Calculate the greatest common divisor of 1340 and 3279315.
335
Calculate the greatest common factor of 17017957 and 979.
979
What is the highest common divisor of 14688 and 19937124?
1836
Calculate the highest common divisor of 5009 and 161204647.
5009
What is the greatest common factor of 12 and 56903452?
4
What is the highest common factor of 149300 and 2559002?
2986
Calculate the greatest common factor of 13699 and 732851.
7
Calculate the greatest common divisor of 1415197 and 6601.
287
Calculate the highest common divisor of 64236900 and 390.
390
What is the highest common divisor of 30 and 2942690?
10
Calculate the highest common factor of 298170 and 251460.
90
Calculate the greatest common factor of 4610358 and 1788.
894
Calculate the highest common factor of 42017890 and 10.
10
Calculate the highest common factor of 9045 and 472365.
135
What is the highest common divisor of 2402953 and 4313428?
8491
Calculate the highest common factor of 1073592 and 7704.
72
Calculate the highest common factor of 969 and 14084738.
323
Calculate the greatest common divisor of 195496 and 41531.
7
What is the highest common factor of 477813 and 38046?
1119
What is the greatest common factor of 602939 and 116?
29
What is the highest common divisor of 8999706 and 178770?
606
What is the highest common factor of 2640693 and 2409?
33
Calculate the highest common divisor of 124920231 and 513.
57
Calculate the highest common divisor of 1235 and 252190705.
1235
Calculate the greatest common factor of 1383750 and 7995.
615
What is the greatest common factor of 87240 and 90148?
2908
Calculate the highest common divisor of 430 and 399547228.
86
Calculate the highest common divisor of 5747 and 910491463.
5747
Calculate the highest common factor of 119166396 and 6735.
1347
What is the highest common divisor of 95098 and 138?
2
What is the greatest common factor of 167652561 and 279804?
9993
What is the highest common divisor of 244827021 and 151?
151
What is the highest common factor of 2012618 and 4?
2
What is the greatest common factor of 1153404 and 9108?
828
What is the highest common factor of 161096632 and 4280?
856
What is the highest common factor of 39806 and 32006?
26
Calculate the highest common factor of 3195 and 97488180.
45
What is the greatest common factor of 110 and 3142777?
11
Calculate the greatest common factor of 36741777 and 1258.
629
What is the highest common factor of 633663 and 18153?
9
What is the highest common factor of 661843338 and 2314?
2314
What is the highest common divisor of 710200 and 7400?
200
What is the highest common factor of 49198469 and 159?
53
What is the highest common divisor of 120521333 and 3635?
727
What is the greatest common factor of 9077 and 1517251?
29
Calculate the greatest common divisor of 652199 and 63566.
37
What is the highest common divisor of 168375 and 1289079?
1347
What is the highest common factor of 16134 and 2301?
3
What is the highest common factor of 623756 and 1792?
28
Calculate the highest common divisor of 122161 and 10062.
13
Calculate the greatest common factor of 11835 and 12902780.
1315
Calculate the highest common divisor of 19576480 and 110.
110
What is the highest common divisor of 3087 and 661203?
9
Calculate the highest common divisor of 7686298 and 3002.
38
What is the greatest common divisor of 10 and 310006?
2
What is the highest common factor of 803750 and 221250?
1250
Calculate the highest common factor of 94 and 175990.
2
Calculate the greatest common divisor of 255 and 37409095.
85
What is the highest common divisor of 16 and 984766864?
16
Calculate the highest common factor of 513075462 and 18.
6
What is the greatest common factor of 4336 and 87465250?
542
What is the greatest common factor of 84 and 78627444?
84
What is the highest common factor of 507 and 48377433?
507
What is the highest common divisor of 372222 and 4026?
366
Calculate the highest common factor of 93518 and 1029572.
874
Calculate the greatest common factor of 2524 and 19322.
2
What is the highest common divisor of 333835 and 684455?
1865
Calculate the greatest common factor of 108 and 1298496.
12
What is the highest common factor of 48411 and 123615?
9
What is the highest common divisor of 1996 and 164668004?
1996
Calculate the greatest common divisor of 4730 and 67663596.
946
What is the greatest common divisor of 6948 and 354509541?
1737
What is the greatest common factor of 1104 and 61686736?
368
Calculate the greatest common factor of 64467130 and 1820.
910
Calculate the highest common factor of 490 and 886810.
10
Calculate the highest common divisor of 160024 and 1487028.
332
What is the greatest common factor of 54621 and 11734845?
867
Calculate the greatest common factor of 107719290 and 7560.
630
Calculate the greatest common divisor of 228771537 and 93.
93
What is the greatest common divisor of 232 and 529106450?
58
What is the greatest common divisor of 6447 and 342237?
21
What is the highest common factor of 109828450 and 4300?
2150
What is the greatest common divisor of 298 and 108703993?
149
Calculate the highest common factor of 20995569 and 126.
63
What is the highest common divisor of 1373538 and 12?
6
What is the highest common divisor of 6588 and 7383318?
366
Calculate the highest common divisor of 12903 and 936309.
561
What is the gre